 17 + -5 + -1 + -2.
9
Calculate -1 + -2 + 1 + (-42 - -24 - -32).
12
Calculate (-8 + -1 - -1 - (-5 + -8)) + 9.
14
Calculate (29 - 1) + 3 + (-13 - (41 + -45)).
22
What is -11 - 2 - ((-12 - (-9 - 4)) + -11)?
-3
What is the value of 3 - (-20 - -8 - -9)?
6
What is the value of 3 + (-11 - -14 - 4)?
2
What is the value of (-15 - -15) + -3 + 0 - (20 - 12)?
-11
What is -14 + 6 + -22 + 11 + 13?
-6
Calculate -5 + 11 - 1 - (23 - -1).
-19
Evaluate 0 + -17 + 22 - 4.
1
Evaluate -3 + 4 + -8 + -41 + 58 + 22.
32
Evaluate 17 + (-7 - 4 - 15) + 15.
6
What is the value of 0 + 8 - (-34 - -26 - -12)?
4
-11 + 1 + (19 - 39 - -9)
-21
Evaluate (18 + -9 - 5 - -1) + 16 + -4.
17
(1686 - 1680) + (-25 - 1 - -1) + -8
-27
Calculate -16 + 33 + -15 + 0 + 8.
10
Evaluate -1 - 5 - (163 - 180).
11
79 - 75 - (0 - -12)
-8
What is the value of -9 + 10 + (1 - -9) - (-3 - -4)?
10
Calculate 4 + -10 - (9 - (0 + -8 - -38)).
15
0 - -24 - (-473 + 463)
34
Calculate -15 - (-1 + -2 + 8 - (40 - 33)).
-13
Evaluate -9 - (9 - (11 - 4)) - (2 - 28).
15
What is the value of 3 - (-5 - 1) - (0 - -4)?
5
(62 - 65) + -10 + 48
35
What is the value of 2 - 2 - (23 + (-33 - -7))?
3
(-9 - -15) + -2 + (6 - (12 - 7))
5
Calculate -1 + -6 + -3 + 155 + -159.
-14
What is (5 - 8) + 4 + 10 - -15?
26
24 - (20 + -22) - 59
-33
What is 11 + 0 + -22 + 5?
-6
What is 1 + 6 - (3 - -2 - (5 + 3))?
10
Calculate -10 + 26 + -5 + 4 + 0.
15
14 + 0 + -9 + -3
2
Evaluate -123 + 128 - (-9 + (-3 - (1 + -3))).
15
Calculate (10 - (-13 - (-49 + 18))) + -2 + -2.
-12
25 + 2 + 4 + -29
2
Calculate 4 + 3 + (450 - 444).
13
-6 + (2 - (19 - ((1 - 1) + 4)))
-19
What is -3 + (2 - 1 - (-5 - (-6 + 4)))?
1
Evaluate 0 + -3 + 6 + 6 - (261 - 272).
20
-18 + (-1 - -11) + 11
3
Calculate -14 - ((8 - -7) + -19 - -10).
-20
What is (0 - 2) + (-5 - -1 - -11) - 3?
2
Calculate -2 - (-14 + 1 + -50 + 48) - 2.
11
Evaluate (-17 - (-27 + 6)) + 1 + -21.
-16
-17 - (-6 - -10) - -11 - 0
-10
33 + 0 + 9 + (-21 - (10 - 16))
27
Evaluate 5 - ((-3 - -1 - (9 + -17)) + -1).
0
What is 4 + 1 - ((3 - -9) + -8)?
1
Evaluate (-27 + 40 - -7) + -4.
16
Evaluate -8 - (-1 - 1) - (-87 - -79).
2
What is 5 + 5 + 7 + 1 - -15?
33
What is -10 + (-23 - -36) + (0 - -4)?
7
What is the value of 11 + (-69 - -13 - -7) + 9?
-29
What is the value of -4 + -44 + (-9 - -52)?
-5
What is the value of (12 + -4 - -11 - 3) + -5?
11
What is 6 + -4 - (-69 - -60)?
11
-1 - ((-3 - -2) + -10)
10
What is the value of -10 - (-8 + (4 - 10))?
4
-8 + (-16 - -24) - 3
-3
What is the value of 0 - 1 - 10 - (-44 - (-13 - 26))?
-6
What is (1 - -1 - -5 - (-34 - -27)) + -1?
13
Evaluate 15 + (-3 - (0 + 4)) - 14.
-6
What is the value of 12 + (-7 - 2) - (-5 + -4)?
12
What is -13 + (-7 - (-10 - -5))?
-15
-12 + (-8 - (4 - 20) - 17)
-21
What is -4931 + 4970 - ((-1 - -11) + (1 - 2))?
30
Evaluate (5 - 3) + -3 + 3.
2
(5 - (13 + 1) - -1) + (74 - 83)
-17
Calculate 2 - (26 - 35) - (0 + -7).
18
Evaluate 1 + -2 - ((1 - 10) + 98 + -74).
-16
Evaluate -3 - -7 - (-4 - 1 - -4 - 2).
7
What is -15 + (17 + 0 + 5 - (67 + -56))?
-4
What is 67 - (-44 + 67) - 22?
22
What is the value of (7 - -21) + -20 + -11?
-3
Evaluate 3 + -7 + -2 + 4 - (-25 + 29).
-6
Evaluate -3 + (1 - -9) - -3 - 23.
-13
What is -13 + 42 + -22 + 8 + -1?
14
(2 - 3 - 4) + (-14 - -8) + 3
-8
Calculate (12 + 5 - 4) + (-7 - (0 - 3)).
9
What is the value of 1 + -6 + -13 + 24 + (1 - 15)?
-8
(-39 - -39) + 9 + 4
13
What is the value of 9 - (5 + 1 + -6) - (-8 + 22)?
-5
What is the value of 25 - (7 + 7 + -2)?
13
What is the value of -12 + (-7 - -25) + -17?
-11
What is 10 + -6 + -4 + 3?
3
Calculate 13 + (-2 - -6) + -6 + 1 + -13.
-1
-9 + 41 + (-5 - 4) + -8
15
1378 - 1397 - (1 - 8)
-12
Calculate -3 + (32 - (20 + -13)) - 9.
13
What is (-10 - -13 - 0 - (4 - 5)) + -9?
-5
(-3 - ((7 + -15 - -10) + -3)) + -13
-15
-25 + 3 + 10 - -16 - (0 - -6)
-2
Calculate 5 + -10 + (1 - (-16 + 29)).
-17
Evaluate 3 + ((-7 - (-12 - -4)) + 2 - -5).
11
Evaluate -5 + 6 - 7 - -14.
8
Calculate 4 + ((15 - 6) + -4 - -1) + 18.
28
Evaluate 54 + (37 - 42) + -39.
10
(-13 + -7 - ((-3 - -3) + -3)) + 5
-12
What is -5 + (39 - 25) + (-1 + 3 - -17)?
28
Evaluate 26 - (-13 + 15 - -12).
12
What is the value of 26 + (18 - 35) - (1 - 3 - -27)?
-16
Evaluate 14 + -7 - (7 + -17 - -19).
-2
What is (1 - 9) + -8 + -1 + 131 + -105?
9
Evaluate 21 + (9 + -6 - 4 - 10).
10
What is (-9 - -6 - 5) + 17 - 34?
-25
Evaluate (-1 - (8 + -7 + 0 - -10)) + -4.
-16
What is the value of -2 - (6 + (-11 - 2) + 11) - -10?
4
What is the value of -4 + -8 + -14 + 34 + 3?
11
Evaluate 44 - 22 - (18 - -10).
-6
Evaluate 37 + 0 + (319 - 325) - 15.
16
-9 - (-8 + 5 + 2 + 3)
-11
Calculate -18 + -21 + 15 + 16.
-8
What is 193 - 208 - (-6 + (-2 - -2))?
-9
What is 3 - 2 - (5 + 2 + (10 - 4))?
-12
What is the value of 25 + -36 + 2 + 15 - 15?
-9
-33 + (5 + -10 - -22)
-16
Evaluate -2 - ((-1 + 4 - 34) + 14).
15
Evaluate -36 - -24 - (1 + -24).
11
What is -18 + (-16 - -7 - -4)?
-23
What is the value of -11 + 11 - (-9 - 4 - -5)?
8
What is the value of 19 - (16 + 1 + (-20 - -16))?
6
What is (-24 - (11 + -22)) + 11?
-2
What is -37 + 48 + (1 - (-2 - -11))?
3
(1 - -3) + (-2 - -3) + 128 + -133
0
7 + 5 + -28 + 10 - -22
16
7 + -2 + 0 - (11 + 5) - -5
-6
Evaluate 342 + -366 - (0 + -26).
2
What is the value of (-43 - -36) + (6 - -3) + -2 + -9?
-9
(-3 - 3) + (13 - 21) - (-5 + 8)
-17
What is the value of 8 - (12 - (-15 + 20))?
1
Calculate -33 - (-14 - 24 - -39).
-34
What is the value of 19 - 1 - (-721 + 720)?
19
Calculate -15 + 5 - -15 - -4.
9
Evaluate 1 + -3 - (15 + -19 - (-10 + -2)).
-10
Calculate -3 + (8 + (8 - 8) - -10).
15
What is 1 + (-3 - -5) - (-1 - (-2 + 5))?
7
Evaluate 77 + -99 - (0 + 2 + -4).
-20
What is -4 + 3 - (5 - (11 - 7))?
-2
97 + -84 + -1 + -16
-4
What is 10 + (2 - 11 - -1) + -20?
-18
What is ((60 - 56) + -1 + 1 - 20) + 1?
-15
What is the value of 11 - (19 + 0) - -18?
10
What is the value of (16 - -3) + 1 + -20?
0
Evaluate 3 + -2 - (137 + -129).
-7
What is 0 + (-3 - (-7 - -3) - (-2 + 3))?
0
What is -7 - -8 - (-3 + -6)?
10
Evaluate -1 - -14 - (-24 - (-58 + -3)).
-24
What is the value of -777 - -757 - (0 + -37)?
17
What is the value of -2 + 8 + 4 + 7 + -9?
8
What is 195 + -186 - (-6 + -1)?
16
Evaluate -16 + -6 + 9 - 1.
-14
What is (13 - (-1 + 3)) + (7 - 20)?
-2
What is -7 - 6 - (-61 + 30 - -15)?
3
Evaluate 18 + -10 + (-10 - -2) + -3.
-3
25 - 0 - (31 + -38 - -16)
16
Calculate (4 - -6 - 19) + -1.
-10
Evaluate 6 + 7 - (52 - 51).
12
What is -5 - ((-3 - -2) + -1) - 9?
-12
Evaluate 10 - 6 - (0 - (-4 + 9 - 15)).
-6
What is the value of 1 + (2 - -6) - 3?
6
What is 9 + (8 + -44 - -9) + 5?
-13
Calculate 21 - (-10 + (12 - -17)).
2
What is the value of -5 + -1 + 5 - 3?
-4
What is -27 + 57 - (2 - -18)?
10
Evaluate 12 + 18 + -11 - 7.
12
Calculate -2 - (-11 + 8) - (-3 + -5).
9
What is the value of 78 - 76 - (-2 - -1)?
3
Evaluate 9 + 0 + 2 + (9 - 11).
9
What is -5 + (-9 - -15) - (15 + 6 + -4)?
-16
Calculate (-12 - (4 - -2 - 13)) + -12 + -1.
-18
Calculate 14 - (-2 + -14 - -22).
8
What is the value of -1 - (45 - (-16 - -50))?
-12
(-3 - -2) + -2 - (-18 + 9 - -8)
-2
Calculate 47 + -19 + -14 - 35.
-21
What is the value of 5 + -3 + -1 - (-10 - -7) - 17?
-13
What is the value of -6 - (1 - (3 - 1) - (16 + -4))?
7
What is the value of 16 - (16 + 4) - 0 - 25?
-29
Calculate (-1 - 21) + ((-14 - -9) + 23 - 20).
-24
Evaluate 3 - (8 + -2 - (3 - -2)).
2
Evaluate 30 + 2 - (18 + -31 - -15).
30
Calculate 4 - ((2 - 6) + 1 - (-2 - 5)).
0
(-3 - -3 - (-4 - 6)) + 2 + -3
9
4 - (18 + -23 + (27 - 19))
1
What is the value of (0 - 6) + 27 - ((-2 - -1) + 4)?
18
Evaluate 12 - (-4 + (1 - 6 - -9) + -10).
22
Calculate 4 - -16 - 38 - -7.
-11
Calculate (0 - 0) + -14 + -187 + 191.
-10
(0 - -13) + (20 - 15 - 41)
-23
(3 - 2) + (3 - (0 + 12 + -12))
4
Calculate 21 + 37 + -52 + (2 - 1 - 15).
-8
What is the value of 8 + 6 + -16 + 0 - (7 - 1)?
-8
0 + -5 + 9 + -3
1
What is 10 + 1 + (6 - (10 - -2))?
5
What is -1 + 5 - (-39 - -36) - (4 - -16)?
-13
(14 - 2 - (57 - 43)) + -17
-19
12 - (0 + (-3 - 1) - (-86 - -56))
-14
What is 1 + -11 + 0 - (-2711 - -2702)?
-1
What is 50 - 59 - (-4 - (23 - 0))?
18
Evaluate 6 + (-22 - -1) + 3 + (10 - 2).
-4
Evaluate -29 + 6 + 10 + 6 + (1 - 2).
-8
What is the value of (-1 - 37) + (4 + -15 - -25)?
-24
-922 - -967 - (26 - -2)
17
What is the value of 11 + -12 + -1 - 2?
-4
(13 + 2 - 10) + -9 - (-4 + 1)
-1
(4 - (-7 + -3 - -2)) + (0 